2277879?
7
What is the hundred millions digit of 426002148?
4
What is the units digit of 48645400?
0
What is the ten millions digit of 881793593?
8
What is the hundred thousands digit of 370992489?
9
What is the hundred millions digit of 3358991619?
3
What is the hundred thousands digit of 797085182?
0
What is the ten millions digit of 3580799753?
8
What is the hundreds digit of 301892769?
7
What is the millions digit of 1899714129?
9
What is the ten millions digit of 11171938?
1
What is the millions digit of 273500772?
3
What is the hundred millions digit of 5770322630?
7
What is the tens digit of 92473921?
2
What is the ten millions digit of 831644380?
3
What is the hundred thousands digit of 103782941?
7
What is the ten millions digit of 6230195299?
3
What is the thousands digit of 14185139?
5
What is the hundreds digit of 92509107?
1
What is the units digit of 76499344?
4
What is the ten millions digit of 683141206?
8
What is the millions digit of 138397927?
8
What is the ten thousands digit of 168080759?
8
What is the hundred thousands digit of 6591631369?
6
What is the units digit of 1545412509?
9
What is the units digit of 38552922?
2
What is the ten millions digit of 7050853512?
5
What is the thousands digit of 1087542528?
2
What is the tens digit of 65994488?
8
What is the hundreds digit of 1760391555?
5
What is the units digit of 309499595?
5
What is the millions digit of 2158840625?
8
What is the hundred thousands digit of 1406215027?
2
What is the hundreds digit of 724706271?
2
What is the units digit of 391928620?
0
What is the millions digit of 78455446?
8
What is the ten millions digit of 531390521?
3
What is the hundred millions digit of 557156326?
5
What is the ten millions digit of 17127020?
1
What is the hundred millions digit of 5652401728?
6
What is the tens digit of 4403912?
1
What is the hundreds digit of 117612918?
9
What is the hundred thousands digit of 272633938?
6
What is the units digit of 70017384?
4
What is the ten thousands digit of 107483248?
8
What is the millions digit of 13018579?
3
What is the ten millions digit of 15457214?
1
What is the hundred thousands digit of 126280573?
2
What is the ten millions digit of 32658844?
3
What is the tens digit of 139585584?
8
What is the hundreds digit of 433860671?
6
What is the thousands digit of 61939402?
9
What is the millions digit of 2616809976?
6
What is the units digit of 140010159?
9
What is the thousands digit of 332444562?
4
What is the ten thousands digit of 898909453?
0
What is the tens digit of 101890539?
3
What is the tens digit of 70920662?
6
What is the units digit of 892972977?
7
What is the hundreds digit of 24510334?
3
What is the hundreds digit of 5238581763?
7
What is the hundreds digit of 7111484487?
4
What is the tens digit of 867898231?
3
What is the millions digit of 51307662?
1
What is the units digit of 233760717?
7
What is the tens digit of 4570480?
8
What is the ten millions digit of 23399672?
2
What is the hundred thousands digit of 1716649798?
6
What is the ten millions digit of 222686462?
2
What is the hundreds digit of 1205737?
7
What is the thousands digit of 589375?
9
What is the millions digit of 5125204575?
5
What is the tens digit of 3039138119?
1
What is the millions digit of 181956705?
1
What is the hundreds digit of 235769682?
6
What is the units digit of 4714597?
7
What is the hundreds digit of 287730091?
0
What is the millions digit of 1693986274?
3
What is the ten millions digit of 192024436?
9
What is the units digit of 324346438?
8
What is the millions digit of 46454259?
6
What is the millions digit of 90545563?
0
What is the tens digit of 127111679?
7
What is the tens digit of 8597407891?
9
What is the units digit of 48740126?
6
What is the ten millions digit of 757733501?
5
What is the tens digit of 33455649?
4
What is the millions digit of 187613167?
7
What is the millions digit of 15009775?
5
What is the billions digit of 6317951790?
6
What is the ten thousands digit of 902791542?
9
What is the millions digit of 323515304?
3
What is the ten millions digit of 4514030714?
1
What is the hundreds digit of 329883599?
5
What is the hundred thousands digit of 3159872900?
8
What is the millions digit of 4240151440?
0
What is the hundred millions digit of 1019113814?
0
What is the ten millions digit of 586610275?
8
What is the hundred millions digit of 227474687?
2
What is the ten millions digit of 24759227?
2
What is the ten millions digit of 813492430?
1
What is the millions digit of 22052084?
2
What is the ten thousands digit of 173601572?
0
What is the tens digit of 383741530?
3
What is the millions digit of 148363621?
8
What is the hundred thousands digit of 54754802?
7
What is the ten thousands digit of 4272323758?
2
What is the thousands digit of 3608732652?
2
What is the ten thousands digit of 2069271627?
7
What is the hundreds digit of 91757710?
7
What is the ten thousands digit of 102459279?
5
What is the millions digit of 181774843?
1
What is the hundred millions digit of 3443095388?
4
What is the thousands digit of 211311821?
1
What is the tens digit of 677810220?
2
What is the ten thousands digit of 389523639?
2
What is the millions digit of 25407129?
5
What is the hundreds digit of 9145308?
3
What is the ten thousands digit of 5979585962?
8
What is the tens digit of 300530792?
9
What is the ten thousands digit of 28784820?
8
What is the hundreds digit of 9460619?
6
What is the tens digit of 1899125982?
8
What is the hundred thousands digit of 136707149?
7
What is the hundred thousands digit of 100444363?
4
What is the ten thousands digit of 500785317?
8
What is the thousands digit of 714049437?
9
What is the tens digit of 940829421?
2
What is the thousands digit of 35005503?
5
What is the units digit of 761790461?
1
What is the thousands digit of 223555555?
5
What is the ten thousands digit of 5027641240?
4
What is the units digit of 28472460?
0
What is the hundreds digit of 364111853?
8
What is the ten thousands digit of 606759677?
5
What is the hundreds digit of 203524166?
1
What is the ten thousands digit of 38398893?
9
What is the millions digit of 129609921?
9
What is the units digit of 3996846036?
6
What is the millions digit of 101524215?
1
What is the hundreds digit of 111173537?
5
What is the ten millions digit of 140818296?
4
What is the hundred millions digit of 401407063?
4
What is the thousands digit of 53468026?
8
What is the hundred thousands digit of 839314082?
3
What is the hundred thousands digit of 3160939559?
9
What is the ten thousands digit of 7166349?
6
What is the tens digit of 14121050?
5
What is the hundred thousands digit of 54867003?
8
What is the millions digit of 400276396?
0
What is the hundred millions digit of 799238302?
7
What is the thousands digit of 2215911932?
1
What is the hundred millions digit of 4809951392?
8
What is the hundred millions digit of 1589177909?
5
What is the ten millions digit of 1064727090?
6
What is the ten millions digit of 309547155?
0
What is the units digit of 2513089750?
0
What is the ten millions digit of 21681810?
2
What is the tens digit of 233940597?
9
What is the ten thousands digit of 103407617?
0
What is the ten millions digit of 137612189?
3
What is the thousands digit of 519116183?
6
What is the hundred millions digit of 596685648?
5
What is the tens digit of 1501640732?
3
What is the units digit of 60055011?
1
What is the ten millions digit of 20302627?
2
What is the hundred millions digit of 2797558346?
7
What is the thousands digit of 26945462?
5
What is the tens digit of 120125428?
2
What is the tens digit of 132365447?
4
What is the units digit of 1389511847?
7
What is the ten thousands digit of 23681362?
8
What is the hundreds digit of 766848545?
5
What is the ten thousands digit of 1151971093?
7
What is the ten thousands digit of 20967825?
6
What is the thousands digit of 2459336744?
6
What is the millions digit of 37397121?
7
What is the hundred thousands digit of 29045021?
0
What is the ten thousands digit of 9625945?
2
What is the hundreds digit of 11191078?
0
What is the units digit of 10256075?
5
What is the tens digit of 7575193?
9
What is the thousands digit of 905831224?
1
What is the hundreds digit of 21340542?
5
What is the 